 2*l + k, 5*l - 227 = -4*b. What are the prime factors of l?
43
Let t(n) be the first derivative of 2*n**3/3 + 8*n**2 + 2*n - 13. What are the prime factors of t(-12)?
2, 7
Suppose 41 = -h - 18. Let s = -29 - h. List the prime factors of s.
2, 3, 5
Suppose -4*d - 3*g + 12463 = 0, 23*g - 9316 = -3*d + 27*g. List the prime factors of d.
2, 389
Suppose 13*n - 17*n = -32. Suppose 0 = 9*w - 5*w - n. Suppose j = w*j - h - 2, 0 = 2*j - 3*h - 1. List the prime factors of j.
5
Let o be -2 - -4 - (-51 - 1). Let c = 153 - o. Let p = -66 + c. What are the prime factors of p?
3, 11
Let b(h) = h**3 - 17*h**2 + 2*h + 53. What are the prime factors of b(19)?
3, 271
Let g = 56 + -54. Suppose -5*l + 2*l = -c + 62, g*c - 104 = l. List the prime factors of c.
2, 5
Let t = 11 - -79. Suppose 0 = -6*d + 9*d - t. List the prime factors of d.
2, 3, 5
Suppose 0*a = -3*a + 2*j + 16, -4*a + 28 = -4*j. Suppose -3*l = -a*y + 309, -6*y - 762 = -11*y - 3*l. What are the prime factors of y?
3, 17
Suppose -5*a = -a - 520. What are the prime factors of a/(-3)*(-54)/45?
2, 13
Suppose 20*c - 15*c - 25 = 0. Suppose -5*s - 4*f - 26 = -7*s, -s + 28 = -c*f. List the prime factors of s.
3
Let d(l) = -13*l - 8. Let q be d(4). Let z = 187 + q. List the prime factors of z.
127
Suppose -3*l + 164 = -34. Let a = -92 + l. Let u = a - -56. What are the prime factors of u?
2, 3, 5
Let u = -30 - -33. Suppose 0 = u*l + 5*i - 426, 2*l - i = i + 268. Suppose 45 - l = -2*d. What are the prime factors of d?
2, 23
Let r(m) be the third derivative of -1/120*m**6 + 9*m**2 + 0*m - 1/5*m**5 + 1/3*m**3 - 1/8*m**4 + 0. What are the prime factors of r(-12)?
2, 19
Let w = -19 + 10. Let f(t) be the first derivative of -t**4/4 - 8*t**3/3 + 9*t**2/2 + 11*t - 6. List the prime factors of f(w).
11
List the prime factors of 3/30 + 423702/180.
2, 11, 107
Let s = 1084 + -572. Let p = 785 - s. What are the prime factors of p?
3, 7, 13
Let g(k) = 4*k**2 + 13*k + 37. Let p(v) = -3*v**2 - 12*v - 37. Let b(n) = 5*g(n) + 6*p(n). What are the prime factors of b(11)?
2
What are the prime factors of 5/(100/11828) - 2/5?
3, 197
Suppose 0 = -12*p + 4341 + 1071. Suppose 4*n + 222 = 11*g - 9*g, -p = -4*g + n. List the prime factors of g.
113
Let g = -67 + 28. Let s be (-4)/(-22) - 1214/22. Let x = g - s. What are the prime factors of x?
2
Let s(g) = g**3 - 2*g**2 - 5*g + 1. Suppose -42 = -28*a + 26*a. Let k = 26 - a. What are the prime factors of s(k)?
3, 17
Let j(p) = -p**2 - 7*p + 10. Let b be j(-8). Suppose 2*w - 8 = -b*w. Suppose 0 = f - 4*c + w, -5*f = c - 8 - 3. What are the prime factors of f?
2
Let y(t) = t**3 + 5*t**2 + 6*t. Let j be y(-6). Let o = j + 139. List the prime factors of o.
67
Suppose 12*m - 5636 = 736. List the prime factors of m.
3, 59
What are the prime factors of (32/3)/(1*2/27)?
2, 3
Let w(d) = d**2 - 19*d - 26. Let p be w(20). Let u(r) = 5*r**2 + 15*r + 37. What are the prime factors of u(p)?
127
Suppose -36 = -4*x - 132. Let o be -16*4/x*-3. What are the prime factors of o/(-1)*(-2)/(-4)?
2
Let o(i) = 2*i**2 + 4*i + 12. Let s be o(-13). Let c = -180 + s. What are the prime factors of c?
2, 59
Let a = -159 + 109. What are the prime factors of (-476)/(-5) - (-10)/a?
5, 19
Suppose k + 5*m = 2, -4*k + 2*m - 6*m = -24. Suppose -6 = -k*z + 680. What are the prime factors of z?
2, 7
Let l(m) = -20 - 12*m + 9*m + 8*m + 0*m. Let n be 1 + (3 + -5 - -9). List the prime factors of l(n).
2, 5
Suppose -4*u + 21 = -2*s - s, 0 = 3*u + 3*s. Suppose -u - 9 = 4*w. Let b = w - -23. What are the prime factors of b?
2, 5
What are the prime factors of (-3)/4*140/21*-3?
3, 5
Let p = -471 - -691. Suppose 0 = 4*a + 8, -4*l - 2*a = -0*l - p. Let u = -35 + l. List the prime factors of u.
3, 7
Let x be (5/4)/((-3)/(-132)). Let q be (-15)/(-20) + (-34)/(-8). Suppose -x = -q*r + 150. What are the prime factors of r?
41
Suppose -2 = -7*q + 82. List the prime factors of 56/q*(-468)/(-14).
2, 3, 13
Let z(x) = 31*x. Let n(t) = -t. Let p(s) = 2*n(s) - z(s). List the prime factors of p(-1).
3, 11
Let s be 6*((-2 - 1) + 50/15). Suppose 4*j = -j + 2*v + 42, 4*j = -s*v + 48. List the prime factors of j.
2, 5
Suppose -19*a + 14*a = -2450. What are the prime factors of a?
2, 5, 7
Suppose -4*m + 61 = -4*t - 7, -5*m - 2*t = -64. Let u = 122 + m. Suppose -5*n + 14 = -u. What are the prime factors of n?
2, 3, 5
Let f = -39 - -43. Suppose d - 83 = -3*d - 5*j, f*j = -20. List the prime factors of d.
3
Suppose -3*b - 2782 = 5*f - 5*b, 4*f = -2*b - 2222. List the prime factors of (-15)/35 + f/(-7).
79
Let g(y) = 2*y**2 - 12*y + 20. Let i be g(9). Let c = i - 42. List the prime factors of c.
2
Let n = -18 + 41. Suppose -11 = -u + n. List the prime factors of u.
2, 17
Let n(o) = o**3 + 8*o**2 - 4*o - 4. Suppose 0 = 3*f + 15 + 9. List the prime factors of n(f).
2, 7
Suppose -3*g = -8*g - 520. Let v = -69 - g. List the prime factors of v.
5, 7
Suppose 11*j + 238 = 13*j. List the prime factors of j.
7, 17
Let k(y) = 876*y + 53. List the prime factors of k(3).
7, 383
Suppose -3*d + 956 = -4*a + 228, -2*d = -a - 482. List the prime factors of d.
2, 3, 5
Let n be 13/3 + 2/3. Suppose -2*k + 4*l + 24 = 0, -2*k - 3*k - 3*l = -112. Suppose -x = 5*m - 12, 0 = n*x - 3*m - k - 124. List the prime factors of x.
3
Let u = 2281 + -784. What are the prime factors of u?
3, 499
Let w(p) = 3*p**2 + 101*p + 2. Let q(o) = -o**2 - 34*o - 1. Let s(x) = -8*q(x) - 3*w(x). What are the prime factors of s(-26)?
2, 3, 11
Suppose 3*w = 4*w - 2, -w - 14 = -4*b. Suppose 4*n - b*v + 2*v = -138, 4*n = 5*v - 135. List the prime factors of (-6)/(-10) - 609/n.
2, 3
Let f = 13 - 12. Let y be (6/f)/(5 + -6). Let s(j) = j**2 - 4. List the prime factors of s(y).
2
Suppose -24 - 42 = -3*i. Suppose 2*k = i - 4. List the prime factors of k.
3
Suppose -c + 5*y - 2 = 0, 4*c - 3*y - 4 = 5. List the prime factors of c/1*(-98)/(-6).
7
Let k(j) = -8*j - 16 + 4 + 2*j**2 - 17*j - 3*j**2. List the prime factors of k(-11).
2, 71
Let a = -84 + 141. Let d(m) = -7*m**2 - m. Let l be d(2). What are the prime factors of a/5 - (-12)/l?
11
Let v = 112 + 640. Suppose 2*q - v = -2*q. What are the prime factors of q?
2, 47
Suppose t + 2*n + 14 = 3*t, 4*n = -3*t + 7. Suppose 3*f - 3*l = 192, -154 = -3*f + t*l + 48. What are the prime factors of f?
59
Let x(j) = 7*j + 43. Let d(t) = -4*t - 21. Let q(s) = 5*d(s) + 3*x(s). Let a(m) = m + 26. Let u be a(-10). List the prime factors of q(u).
2, 5
Let p be (-8)/10*20/(-8). What are the prime factors of ((-3)/p)/((-3)/32)?
2
List the prime factors of (8810/(-25))/((-66)/165).
881
Let c = 1004 + -218. What are the prime factors of c?
2, 3, 131
Suppose c = 26*x - 29*x + 2634, -4*x + 3517 = 3*c. What are the prime factors of x?
877
Suppose -5*k - 2*i + 5 = 0, -5*k + 9 = -i - 11. Suppose -k*u + 548 - 127 = -2*h, -u + h + 140 = 0. What are the prime factors of u?
3, 47
Suppose 0 = 5*d - 21*c + 19*c - 1482, -c - 294 = -d. List the prime factors of d.
2, 149
Let p = 1902 - 1119. List the prime factors of p.
3, 29
Let u(s) = 9*s - 7. Let g be u(9). What are the prime factors of g + (2 - -1)/1?
7, 11
Let n = 1038 + -562. What are the prime factors of n?
2, 7, 17
Suppose 0 = -7*n + 12*n. Let i(o) be the second derivative of o**3/6 + 11*o**2/2 - o. List the prime factors of i(n).
11
Let z be ((-18)/15)/(-1 + (-167)/(-170)). What are the prime factors of (-826)/(-6) + z/(-12) + 5?
137
Suppose -7*t + 8*t + 4344 = 5*b, 2*b - 1744 = 2*t. List the prime factors of b.
2, 7, 31
Let p be -16 - -19 - (1 - 0). Let k be (2 - p)/1 - -58. Let x = 82 - k. What are the prime factors of x?
2, 3
What are the prime factors of 0*(-1)/10 - -1581?
3, 17, 31
Let z(m) = 138*m + 1093. What are the prime factors of z(9)?
5, 467
Let f(v) = 45*v + 224. List the prime factors of f(-2).
2, 67
Let r(g) = g**3 - 5*g**2 + 6*g + 3. Let q be r(3). Suppose 0 = -q*w - 4*x + 116, w = -3*w - 2*x + 158. What are the prime factors of w?
2, 5
Let q(z) = 148*z**3 - z**2 - 2*z. Let y be q(2). List the prime factors of y/15 - (-3)/5.
79
Suppose -4*b = 2*b + 12. Let y = -46 - -33. What are the prime factors of (-35)/b + y/26?
17
Let p = -626 + 1156. What are the prime factors of p?
2, 5, 53
Suppose -4*c + p = -0*p - 321, 4*c - 3*p - 331 = 0. Let r = c + 123. What are the prime factors of r?
2, 101
What are the prime facto